of 15714?
5
What is the units digit of 75646?
6
What is the units digit of 56?
6
What is the hundreds digit of 10675?
6
What is the hundreds digit of 27352?
3
What is the thousands digit of 2488?
2
What is the thousands digit of 22815?
2
What is the tens digit of 3375?
7
What is the hundreds digit of 63950?
9
What is the tens digit of 5671?
7
What is the units digit of 16829?
9
What is the tens digit of 26986?
8
What is the units digit of 60641?
1
What is the thousands digit of 9279?
9
What is the hundreds digit of 806?
8
What is the hundreds digit of 1938?
9
What is the thousands digit of 3141?
3
What is the tens digit of 1930?
3
What is the units digit of 100924?
4
What is the hundreds digit of 2791?
7
What is the units digit of 962?
2
What is the thousands digit of 1928?
1
What is the units digit of 9638?
8
What is the hundreds digit of 2496?
4
What is the tens digit of 10996?
9
What is the units digit of 2860?
0
What is the units digit of 579?
9
What is the hundred thousands digit of 118672?
1
What is the ten thousands digit of 46493?
4
What is the units digit of 7018?
8
What is the tens digit of 2698?
9
What is the thousands digit of 1306?
1
What is the hundreds digit of 118?
1
What is the hundreds digit of 778?
7
What is the ten thousands digit of 43887?
4
What is the thousands digit of 15400?
5
What is the units digit of 411?
1
What is the units digit of 1101?
1
What is the tens digit of 1357?
5
What is the tens digit of 24979?
7
What is the units digit of 378?
8
What is the tens digit of 348?
4
What is the units digit of 320?
0
What is the units digit of 43887?
7
What is the units digit of 7979?
9
What is the units digit of 520?
0
What is the tens digit of 6387?
8
What is the thousands digit of 15722?
5
What is the units digit of 5478?
8
What is the hundreds digit of 2589?
5
What is the units digit of 7202?
2
What is the hundreds digit of 5563?
5
What is the hundreds digit of 14925?
9
What is the ten thousands digit of 10732?
1
What is the tens digit of 3424?
2
What is the units digit of 272?
2
What is the units digit of 8771?
1
What is the thousands digit of 1439?
1
What is the hundreds digit of 137?
1
What is the units digit of 882?
2
What is the units digit of 15994?
4
What is the thousands digit of 5833?
5
What is the tens digit of 4942?
4
What is the thousands digit of 13801?
3
What is the units digit of 15647?
7
What is the hundreds digit of 8777?
7
What is the thousands digit of 3779?
3
What is the units digit of 1628?
8
What is the tens digit of 3196?
9
What is the hundreds digit of 136?
1
What is the tens digit of 1303?
0
What is the units digit of 1935?
5
What is the units digit of 3900?
0
What is the tens digit of 42067?
6
What is the tens digit of 32763?
6
What is the tens digit of 84?
8
What is the hundreds digit of 4149?
1
What is the units digit of 848?
8
What is the ten thousands digit of 29913?
2
What is the units digit of 5132?
2
What is the ten thousands digit of 26205?
2
What is the units digit of 7667?
7
What is the tens digit of 265?
6
What is the tens digit of 172696?
9
What is the ten thousands digit of 16488?
1
What is the tens digit of 599?
9
What is the ten thousands digit of 26664?
2
What is the tens digit of 15296?
9
What is the thousands digit of 4893?
4
What is the units digit of 6611?
1
What is the tens digit of 12906?
0
What is the tens digit of 40014?
1
What is the hundreds digit of 1826?
8
What is the tens digit of 1507?
0
What is the thousands digit of 9786?
9
What is the tens digit of 53321?
2
What is the units digit of 849?
9
What is the units digit of 48398?
8
What is the thousands digit of 15699?
5
What is the hundreds digit of 57321?
3
What is the thousands digit of 3626?
3
What is the ten thousands digit of 49369?
4
What is the thousands digit of 39191?
9
What is the thousands digit of 5685?
5
What is the units digit of 6485?
5
What is the units digit of 21605?
5
What is the units digit of 32583?
3
What is the thousands digit of 8971?
8
What is the thousands digit of 3495?
3
What is the tens digit of 57825?
2
What is the hundreds digit of 1124?
1
What is the ten thousands digit of 16255?
1
What is the hundreds digit of 5577?
5
What is the hundreds digit of 853?
8
What is the tens digit of 785?
8
What is the thousands digit of 15559?
5
What is the tens digit of 116?
1
What is the tens digit of 2079?
7
What is the units digit of 2706?
6
What is the tens digit of 691?
9
What is the units digit of 13443?
3
What is the ten thousands digit of 19081?
1
What is the hundreds digit of 73403?
4
What is the hundreds digit of 6846?
8
What is the thousands digit of 3010?
3
What is the hundred thousands digit of 103976?
1
What is the thousands digit of 1451?
1
What is the units digit of 5481?
1
What is the hundreds digit of 579?
5
What is the ten thousands digit of 47894?
4
What is the hundreds digit of 20168?
1
What is the ten thousands digit of 166887?
6
What is the tens digit of 1995?
9
What is the units digit of 8811?
1
What is the ten thousands digit of 56219?
5
What is the units digit of 2435?
5
What is the tens digit of 2710?
1
What is the tens digit of 4753?
5
What is the hundreds digit of 10223?
2
What is the thousands digit of 11352?
1
What is the tens digit of 334?
3
What is the units digit of 955?
5
What is the ten thousands digit of 20845?
2
What is the tens digit of 128?
2
What is the hundreds digit of 1244?
2
What is the tens digit of 206?
0
What is the thousands digit of 1482?
1
What is the hundreds digit of 130487?
4
What is the units digit of 719?
9
What is the tens digit of 751?
5
What is the thousands digit of 6704?
6
What is the units digit of 1419?
9
What is the thousands digit of 69005?
9
What is the tens digit of 8746?
4
What is the thousands digit of 28288?
8
What is the units digit of 20380?
0
What is the units digit of 2285?
5
What is the hundreds digit of 1434?
4
What is the thousands digit of 107811?
7
What is the units digit of 2191?
1
What is the hundred thousands digit of 118016?
1
What is the ten thousands digit of 73223?
7
What is the ten thousands digit of 21093?
2
What is the hundreds digit of 565?
5
What is the thousands digit of 48711?
8
What is the thousands digit of 10916?
0
What is the ten thousands digit of 11963?
1
What is the tens digit of 1907?
0
What is the hundreds digit of 1031?
0
What is the thousands digit of 2904?
2
What is the units digit of 856?
6
What is the hundreds digit of 651?
6
What is the units digit of 72279?
9
What is the tens digit of 544?
4
What is the hundreds digit of 115460?
4
What is the tens digit of 63036?
3
What is the units digit of 6168?
8
What is the units digit of 14249?
9
What is the thousands digit of 1329?
1
What is the units digit of 6160?
0
What is the units digit of 120?
0
What is the hundreds digit of 1990?
9
What is the units digit of 26308?
8
What is the tens digit of 20839?
3
What is the hundreds digit of 19442?
4
What is the units digit of 1577?
7
What is the hundreds digit of 2858?
8
What is the thousands digit of 8477?
8
What is the tens digit of 9474?
7
What is the units digit of 667?
7
What is the units digit of 7763?
3
What is the tens digit of 3175?
7
What is the thousands digit of 51911?
1
What is the units digit of 10036?
6
What is the hundred thousands digit of 111388?
1
What is the tens digit of 1484?
8
What is the ten thousands digit of 34297?
3
What is the thousands digit of 1059?
1
What is the tens digit of 11566?
6
What is the thousands digit of 1449?
1
What is the hundreds digit of 923?
9
What is the tens digit of 8252?
5
What is the tens digit of 1112?
1
What is the thousands digit of 82678?
2
What is the thousands digit of 2570?
2
What is the tens digit of 30045?
4
What is the hundreds digit of 5273?
2
What is the tens digit of 135?
3
What is the tens digit of 60492?
9
What is the thousands digit of 11265?
1
What is the hundreds digit of 416?
4
What is the hundreds digit of 7377?
3
What is the tens digit of 589?
8
What is the units digit of 58?
8
What is the thousands digit of 5959?
5
What is the thousands digit of 14556?
4
What is the units digit of 912?
2
What is the tens digit of 3580?
8
What is the tens digit of 57126?
2
What is the thousands digit of 1940?
1
What is the tens digit of 5039?
3
What i